{"id":95,"date":"2023-04-27T08:25:12","date_gmt":"2023-04-27T08:25:12","guid":{"rendered":"https:\/\/saaronniemensaukot.fi\/?page_id=95"},"modified":"2024-09-01T00:46:27","modified_gmt":"2024-09-01T00:46:27","slug":"tilavuokrat","status":"publish","type":"page","link":"https:\/\/saaronniemensaukot.fi\/?page_id=95","title":{"rendered":"Tilavuokrat"},"content":{"rendered":"\t\t<div data-elementor-type=\"wp-page\" data-elementor-id=\"95\" class=\"elementor elementor-95\">\n\t\t\t\t\t\t<section class=\"elementor-section elementor-top-section elementor-element elementor-element-60b7d221 elementor-section-boxed elementor-section-height-default elementor-section-height-default\" data-id=\"60b7d221\" data-element_type=\"section\" data-e-type=\"section\">\n\t\t\t\t\t\t<div class=\"elementor-container elementor-column-gap-default\">\n\t\t\t\t\t<div class=\"elementor-column elementor-col-100 elementor-top-column elementor-element elementor-element-1d51f3d1\" data-id=\"1d51f3d1\" data-element_type=\"column\" data-e-type=\"column\">\n\t\t\t<div class=\"elementor-widget-wrap elementor-element-populated\">\n\t\t\t\t\t\t<div class=\"elementor-element elementor-element-136af0dd elementor-widget elementor-widget-text-editor\" data-id=\"136af0dd\" data-element_type=\"widget\" data-e-type=\"widget\" data-widget_type=\"text-editor.default\">\n\t\t\t\t<div class=\"elementor-widget-container\">\n\t\t\t\t\t\t\t\t\t<p><\/p>\n<p>Alla olevassa kalenterissa n\u00e4et tilojen vuokraustilanteen. Kalenterissa ei n\u00e4y yleiset saunap\u00e4iv\u00e4t.<\/p>\n<p><\/p>\n<p>Saukkorantaa ei ole mahdollista vuokrata 24.6. &#8211; 1.8. v\u00e4lisen\u00e4 aikana.\u00a0<\/p>\n<p>Jokainen tilavaraus on <strong>yksityistilaisuus<\/strong> ja niiden aikana koko Saukkorannan alue on vain vuokraajien k\u00e4yt\u00f6ss\u00e4.<\/p>\n<p>Mik\u00e4li vuokraaja l\u00e4mmitt\u00e4\u00e4 saunan itse avain t\u00e4ytyy noutaa muutamaa p\u00e4iv\u00e4\u00e4 ennen Saukkorannasta aukioloaikojen puitteissa.\u00a0<\/p>\n<p>Jos taas henkil\u00f6kunta on odottamassa vuokraajaa on vuokrausajan alku sovittava etuk\u00e4teen.<strong> Vastuuhenkil\u00f6n on oltava paikalla vuokrausajan alkaessa ja vuokraus peruuntuu 30 minuutin kuluttua mik\u00e4li kukaan ei saavu paikalle. T\u00e4ss\u00e4 tapauksessa vuokrarahoja ei palauteta.<\/strong><\/p>\n<p>\u00a0<\/p>\n<p>Vuokra-aika p\u00e4\u00e4ttyy vuorokauden vaihtuessa klo 0.00. Yli menneist\u00e4 tunneista veloitamme 30 e\/tunti.<\/p>\n<p><br \/><iframe style=\"border: solid 1px #777;\" src=\"https:\/\/calendar.google.com\/calendar\/embed?height=600&amp;wkst=2&amp;bgcolor=%23ffffff&amp;ctz=Europe%2FHelsinki&amp;showPrint=0&amp;showCalendars=0&amp;showTz=0&amp;src=b2Zya2ozNDY3bjVhYmFiMnJsY2t1aWEwMzBAZ3JvdXAuY2FsZW5kYXIuZ29vZ2xlLmNvbQ&amp;color=%237986CB\" width=\"800\" height=\"600\" frameborder=\"0\" scrolling=\"no\"><\/iframe><br \/><!-- \/wp:html --><\/p>\n<p><!-- wp:paragraph --><\/p>\n<p>Vuokrausasioissa ota yhteytt\u00e4 osoitteeseen saukkoranta@saaronniemensaukot.fi tai puhelimella 044 7717555.<\/p>\n<p><!-- \/wp:paragraph --><\/p>\n<p><!-- wp:paragraph --><\/p>\n<p><!-- \/wp:paragraph --><\/p>\t\t\t\t\t\t\t\t<\/div>\n\t\t\t\t<\/div>\n\t\t\t\t\t<\/div>\n\t\t<\/div>\n\t\t\t\t\t<\/div>\n\t\t<\/section>\n\t\t\t\t<section class=\"elementor-section elementor-top-section elementor-element elementor-element-1590f44 elementor-section-boxed elementor-section-height-default elementor-section-height-default\" data-id=\"1590f44\" data-element_type=\"section\" data-e-type=\"section\">\n\t\t\t\t\t\t<div class=\"elementor-container elementor-column-gap-default\">\n\t\t\t\t\t<div class=\"elementor-column elementor-col-100 elementor-top-column elementor-element elementor-element-0874b31\" data-id=\"0874b31\" data-element_type=\"column\" data-e-type=\"column\">\n\t\t\t<div class=\"elementor-widget-wrap elementor-element-populated\">\n\t\t\t\t\t\t<section class=\"elementor-section elementor-inner-section elementor-element elementor-element-f3c37ab elementor-section-boxed elementor-section-height-default elementor-section-height-default\" data-id=\"f3c37ab\" data-element_type=\"section\" data-e-type=\"section\">\n\t\t\t\t\t\t<div class=\"elementor-container elementor-column-gap-default\">\n\t\t\t\t\t<div class=\"elementor-column elementor-col-50 elementor-inner-column elementor-element elementor-element-4e37223\" data-id=\"4e37223\" data-element_type=\"column\" data-e-type=\"column\">\n\t\t\t<div class=\"elementor-widget-wrap\">\n\t\t\t\t\t\t\t<\/div>\n\t\t<\/div>\n\t\t\t\t<div class=\"elementor-column elementor-col-50 elementor-inner-column elementor-element elementor-element-da82c5d\" data-id=\"da82c5d\" data-element_type=\"column\" data-e-type=\"column\">\n\t\t\t<div class=\"elementor-widget-wrap\">\n\t\t\t\t\t\t\t<\/div>\n\t\t<\/div>\n\t\t\t\t\t<\/div>\n\t\t<\/section>\n\t\t\t\t\t<\/div>\n\t\t<\/div>\n\t\t\t\t\t<\/div>\n\t\t<\/section>\n\t\t\t\t<section class=\"elementor-section elementor-top-section elementor-element elementor-element-a9b204b elementor-section-boxed elementor-section-height-default elementor-section-height-default\" data-id=\"a9b204b\" data-element_type=\"section\" data-e-type=\"section\">\n\t\t\t\t\t\t<div class=\"elementor-container elementor-column-gap-default\">\n\t\t\t\t\t<div class=\"elementor-column elementor-col-100 elementor-top-column elementor-element elementor-element-197128a\" data-id=\"197128a\" data-element_type=\"column\" data-e-type=\"column\">\n\t\t\t<div class=\"elementor-widget-wrap elementor-element-populated\">\n\t\t\t\t\t\t<section class=\"elementor-section elementor-inner-section elementor-element elementor-element-353747d elementor-section-boxed elementor-section-height-default elementor-section-height-default\" data-id=\"353747d\" data-element_type=\"section\" data-e-type=\"section\">\n\t\t\t\t\t\t<div class=\"elementor-container elementor-column-gap-default\">\n\t\t\t\t\t<div class=\"elementor-column elementor-col-50 elementor-inner-column elementor-element elementor-element-a8a13eb\" data-id=\"a8a13eb\" data-element_type=\"column\" data-e-type=\"column\">\n\t\t\t<div class=\"elementor-widget-wrap\">\n\t\t\t\t\t\t\t<\/div>\n\t\t<\/div>\n\t\t\t\t<div class=\"elementor-column elementor-col-50 elementor-inner-column elementor-element elementor-element-d2aa753\" data-id=\"d2aa753\" data-element_type=\"column\" data-e-type=\"column\">\n\t\t\t<div class=\"elementor-widget-wrap\">\n\t\t\t\t\t\t\t<\/div>\n\t\t<\/div>\n\t\t\t\t\t<\/div>\n\t\t<\/section>\n\t\t\t\t\t<\/div>\n\t\t<\/div>\n\t\t\t\t\t<\/div>\n\t\t<\/section>\n\t\t\t\t<\/div>\n\t\t","protected":false},"excerpt":{"rendered":"<p>Alla olevassa kalenterissa n\u00e4et tilojen vuokraustilanteen. Kalenterissa ei n\u00e4y yleiset saunap\u00e4iv\u00e4t. Saukkorantaa ei ole mahdollista vuokrata 24.6. &#8211; 1.8. v\u00e4lisen\u00e4 aikana.\u00a0 Jokainen tilavaraus on yksityistilaisuus ja niiden aikana koko Saukkorannan alue on vain vuokraajien k\u00e4yt\u00f6ss\u00e4. Mik\u00e4li vuokraaja l\u00e4mmitt\u00e4\u00e4 saunan itse avain t\u00e4ytyy noutaa muutamaa p\u00e4iv\u00e4\u00e4 ennen Saukkorannasta aukioloaikojen puitteissa.\u00a0 Jos taas henkil\u00f6kunta on odottamassa vuokraajaa &hellip; <\/p>\n<p class=\"link-more\"><a href=\"https:\/\/saaronniemensaukot.fi\/?page_id=95\" class=\"more-link\">Jatka lukemista<span class=\"screen-reader-text\"> &#8221;Tilavuokrat&#8221;<\/span><\/a><\/p>\n","protected":false},"author":1,"featured_media":0,"parent":0,"menu_order":0,"comment_status":"closed","ping_status":"closed","template":"","meta":{"_monsterinsights_skip_tracking":false,"_monsterinsights_sitenote_active":false,"_monsterinsights_sitenote_note":"","_monsterinsights_sitenote_category":0,"footnotes":""},"class_list":["post-95","page","type-page","status-publish","hentry"],"aioseo_notices":[],"_links":{"self":[{"href":"https:\/\/saaronniemensaukot.fi\/index.php?rest_route=\/wp\/v2\/pages\/95","targetHints":{"allow":["GET"]}}],"collection":[{"href":"https:\/\/saaronniemensaukot.fi\/index.php?rest_route=\/wp\/v2\/pages"}],"about":[{"href":"https:\/\/saaronniemensaukot.fi\/index.php?rest_route=\/wp\/v2\/types\/page"}],"author":[{"embeddable":true,"href":"https:\/\/saaronniemensaukot.fi\/index.php?rest_route=\/wp\/v2\/users\/1"}],"replies":[{"embeddable":true,"href":"https:\/\/saaronniemensaukot.fi\/index.php?rest_route=%2Fwp%2Fv2%2Fcomments&post=95"}],"version-history":[{"count":25,"href":"https:\/\/saaronniemensaukot.fi\/index.php?rest_route=\/wp\/v2\/pages\/95\/revisions"}],"predecessor-version":[{"id":338,"href":"https:\/\/saaronniemensaukot.fi\/index.php?rest_route=\/wp\/v2\/pages\/95\/revisions\/338"}],"wp:attachment":[{"href":"https:\/\/saaronniemensaukot.fi\/index.php?rest_route=%2Fwp%2Fv2%2Fmedia&parent=95"}],"curies":[{"name":"wp","href":"https:\/\/api.w.org\/{rel}","templated":true}]}}